t s be (6/(-9))/(4/(-6)) + 2. Determine y(s).
0
Let q = -663 + 1420. Let i = -763 + q. Let g(v) = -v - 19. Determine g(i).
-13
Let x(b) = -2*b**3 + b**2 + 2*b. Let z(f) = f**3 + 14*f**2 - 55*f - 40. Let s be z(-17). Let q be s/(-8)*(-12)/(-21). What is x(q)?
16
Let p(b) = -b**3 - 794 + 1576 + 4*b - 778 + 5*b**2. Calculate p(5).
24
Let d(l) = l**3 - 3*l**2 - 3*l. Suppose j = -4*j - 600. Let v be (9/12)/((-6)/j). Let b be 57/v + (-28)/35. What is d(b)?
-9
Let l(w) = 10*w - 1. Let o(h) = -7*h + 1. Suppose 4*k = 2*g + 57 - 23, k - 33 = 4*g. Let v(c) = g*o(c) - 5*l(c). Determine v(6).
-8
Let c(y) be the second derivative of y**4/12 - 3*y**3/2 - 18*y**2 + 28*y + 25. Determine c(14).
34
Let p(z) = -4*z**2 - 18*z + 7. Let l(t) = 493*t - 2472. Let n be l(5). Determine p(n).
-63
Let d(m) = 11*m - 54. Let y be ((-3700)/175 - -24) + (-12)/14. Give d(y).
-32
Let y(w) = -w - 3. Suppose 9*a = -a + 290. Suppose -a*c + 10*c = -133. Give y(c).
-10
Suppose q - 324*k + 326*k = 14, 0 = -9*q + 2*k + 26. Let w(r) = -1 - 3*r - 3 + 4*r**2 + 0 - r**3. What is w(q)?
-16
Let s = -371 - -380. Let k(b) = 83*b**2 + 4*b - 22. Let z(j) = 21*j**2 + j - 5. Let w(n) = s*z(n) - 2*k(n). Calculate w(1).
23
Let r be (-3 - 2)/(-14 + 5 + 10). Let p(b) = -b**3 + b**2 + 11*b - 7. Determine p(r).
88
Let o(w) = -59*w**3 - 53*w**2 + 57*w - 40. Let f(z) = 13*z**3 + 13*z**2 - 14*z + 10. Let l(c) = -9*f(c) - 2*o(c). Calculate l(9).
-64
Let w(g) be the first derivative of 0*g - 1/2*g**2 + 33. Suppose 0 = 8*u - 3*u - 25. Calculate w(u).
-5
Let a(m) be the second derivative of -5*m**3/3 - 155*m**2/2 + 928*m. Determine a(-15).
-5
Let g(a) = -3*a**2 + a - 1. Suppose 15 = 7*q + 1. Let s(f) = -f**3 + 11*f - 10. Let i(d) = q*g(d) - s(d). What is i(7)?
-6
Let x be (44/33)/(18/27). Let b(w) be the second derivative of 7/2*w**x + 7*w + 1/6*w**3 + 0. What is b(-4)?
3
Let m(p) = -38 + p**2 - 14990*p + 14977*p + p**2 + 4*p**2 - 3*p**3 + 4*p**3. Give m(-7).
4
Let b(m) = 7*m + 1. Let i be b(-1). Let r be ((-1)/(-2))/((-115)/20 - i). Let c be ((8/6)/r)/((-12)/18). Let u(o) = 10*o**2 - 2*o - 1. Determine u(c).
11
Let x(m) be the third derivative of -m**4/12 - m**3/6 - 4857*m**2. What is x(7)?
-15
Let d(h) = 70*h + 702. Let f = 4478 + -4488. Give d(f).
2
Let c(g) = -2*g**2 + 71*g - 6. Let b(a) = a**2 - 23*a + 2. Let v = 275 - 282. Let t(d) = v*b(d) - 2*c(d). Give t(6).
4
Suppose 8*n - 44 = 148. Suppose -35 = -n*c + 13. Let z(l) be the first derivative of l**4/4 - l**3 - l**2 - 2. Determine z(c).
-8
Let i(r) = r**3 - 3*r**2 + r + 2. Let x(g) = 8*g**3 - 15*g**2 + 5*g + 10. Let k(d) = 6*i(d) - x(d). Determine k(3).
-76
Let k(l) = -24 + 3*l - 25 + 43 - 2*l. Suppose -12*d = -15*d + 12. Suppose 28 = -0*q - 4*q + d*b, 0 = -3*q - 4*b - 14. Give k(q).
-12
Let v(x) = 3582*x - 342. Let a(f) = 332*f - 31. Let y(n) = -54*a(n) + 5*v(n). Calculate y(-4).
36
Let r(b) be the first derivative of 2*b**3/3 - 11*b**2/2 + 10*b - 21314. Suppose 5*z - 5 - 30 = 0. Calculate r(z).
31
Let q(t) = 9*t**2 + 5*t + 3. Let j be 354/1239*(-7)/2. Determine q(j).
7
Let s = -1 + 2. Let u(f) be the second derivative of -f**5/4 - 6071*f. What is u(s)?
-5
Let b be 4/(4/(-9)) - 15/(-5). Let v = -3 - -2. Let h be 1/(-2 - v)*(b - -14). Let p(z) = z**3 + 7*z**2 - 8*z - 11. Calculate p(h).
-11
Suppose 5*z = -8 - 2. Let l(x) be the third derivative of x**7/1260 + x**6/720 - 2*x**4/3 - 25*x**2. Let u(n) be the second derivative of l(n). What is u(z)?
6
Let h(i) = -39*i + 5*i + 18*i + 3 + 15*i - 4. Suppose 0 = 6*s - 2*s - 68. Suppose -3*a = 4*u + 2*a + s, 5*u = 4*a + 30. What is h(u)?
-3
Let p(a) be the second derivative of a**5/20 - a**4/6 + a**3/6 - 7*a**2/2 + 26*a. Let t be p(3). Let b(r) = -5*r**2 - t*r**2 - 10*r + 11*r**2 + 4. Give b(9).
-5
Suppose 0*f - 5*y - 13 = f, 2*f - 10 = 2*y. Let x(d) = -9*d - 1 + d**f - 1 - 1. Let u = -1655 - -1663. Determine x(u).
-11
Let d(a) = a**2 + 4*a + 7. Let j(n) = -n**2 + 2*n + 12. Let z be j(5). Let o be -3 - (1 - (z - -2)). Calculate d(o).
12
Let z(a) = -32*a - 34. Let r(g) = 33*g + 45. Let y be ((-60 - -56) + 22/5)*10. Let p(d) = y*z(d) + 3*r(d). Suppose 5*b + 1 + 4 = 0. Calculate p(b).
28
Let y(l) = -l**3 - 17*l**2 - 28*l - 6. Let p be (-27)/(-15) + (-3612)/215. Determine y(p).
-36
Let k(w) = w**2 + w - 3. Let t be k(-4). Suppose t*h - 24 = 57. Let b(s) = -s**2 + 10*s - 4. Determine b(h).
5
Let x(z) = -29 - 9 + 0*z - z + 0*z. Calculate x(-38).
0
Let p(b) = 4*b - 75. Suppose 0 = 2*d - 6, -141*z + 146*z = -3*d + 74. Determine p(z).
-23
Suppose -128 = -227*w + 235*w. Let f(c) = -2*c - 33. Give f(w).
-1
Let u = -210 - -206. Let s(x) = x - 6. Let q(r) = 1. Let z(b) = u*q(b) - s(b). Calculate z(5).
-3
Let z(y) = -5*y**3 - 7*y**2 + 4*y - 2. Let p(n) = 0*n**2 - 3 - 7*n**2 + 5*n**3 - 6*n**3 + 4*n - 6*n**3 - 2*n**2. Let b(u) = 2*p(u) - 3*z(u). Determine b(-4).
0
Suppose 2*j - 5*z + 44 = 0, 3*j - 4*z + 21 = -31. Let c(r) = r - 9. Give c(j).
-21
Let y(p) = -4*p**3 - 12*p**2 + 3*p + 1. Let b be -2 + -7 + 2 + (-20)/(-5). Calculate y(b).
-8
Let q(f) = f - 37. Let p(o) = o - 73. Let l(s) = -6*p(s) + 11*q(s). Let d be l(-6). Let b(x) = -x**2 - 1. Calculate b(d).
-2
Let s(a) be the first derivative of 7*a - 7/2*a**2 + 94 + 1/3*a**3. Determine s(6).
1
Suppose -2 = -0*s - s. Let y(t) = 18*t - 107. Let j(n) = 3*n - 19. Let o(r) = 17*j(r) - 3*y(r). What is o(s)?
-8
Let g(x) = x + 31. Let t(b) = -27*b - 1026. Let q be t(-37). Give g(q).
4
Suppose 1 = -2*k + 205. Let j = -81 + k. Let b = 13 - j. Let l(m) = -m**3 - 7*m**2 + 9*m + 4. Determine l(b).
-4
Suppose 2*r = -5*k + 8 + 32, 5*k - 5*r = 75. Let b be (-20)/k - (-1 - -1). Let s(p) = -p**3 - 2*p**2 + 3*p + 3. Determine s(b).
-3
Let l = 5 + -5. Suppose -p - 3*p = -u - 12, 0 = 4*u. Let b(o) = p - 2*o + 4 + o**2 + l*o - 5*o. What is b(6)?
1
Let p(f) = f**2 + f - 4. Let y be (-2)/(-4)*(-52 - 0). Let x be (39/y)/(-1*(-1)/2). What is p(x)?
2
Let y be (-1)/2 + 60/8 + -5. Let r(w) = 3*w + 13*w**y - 14*w**2 + 3*w**2 - 4*w + 11*w**2. Determine r(-1).
14
Let u(x) = -59*x**2 + 5*x + 93. Let c(z) = -88*z**2 + 4*z + 92. Let m(v) = 2*c(v) - 3*u(v). What is m(-7)?
3
Suppose 3*r - r = 5*f + 7, 0 = 3*r - 4*f. Let l(j) = -290*j + 27 - 2 + 147*j + 149*j. Calculate l(r).
1
Let s(m) = 3*m**3 + m**2 + m + 1. Let i(l) = 16*l**3 + 30*l**2 + 28*l - 23. Let a(u) = -i(u) + 5*s(u). Determine a(-24).
4
Suppose -5*x = -a + 83 + 25, -3*a = 5*x + 116. Let r(t) = -t - 37. What is r(x)?
-15
Let r(q) = -q**2 + 2*q + 1. Let j(n) = n**3 - 12*n**2 + 11*n - 1. Let x be 3/((-12)/74) + 3/2. Let p = -6 - x. Let h be j(p). What is r(h)?
-2
Let j = -8134 - -8140. Let s(i) = 2*i**3 - 11*i**2 + 2*i - 5. What is s(j)?
43
Let w(a) be the first derivative of a**4/2 - a**3/3 - 2*a**2 - 7*a - 5353. What is w(-2)?
-19
Let w(d) = 121*d + 12. Let m(q) = -332*q - 35. Let p(o) = -4*m(o) - 11*w(o). Calculate p(-3).
17
Let u(y) be the first derivative of -y**4/4 + 2*y**3/3 - 4*y**2 + 12*y - 2113. What is u(3)?
-21
Suppose -m = -2*l - 17, -2*l - 29 = -m - 4*m. Let y = -72 + 74. Let a(v) = 11 + 3 - 3 + v - y. What is a(l)?
2
Suppose -c = 56*l - 51*l - 26, -2*c = l - 16. Let u(f) = -2*f**3 + 11*f**2 - 6*f + 7. Determine u(l).
31
Let z(l) = -l**3 - 27*l**2 - 26*l + 2. Let d = 24 - 50. Let q be z(d). Let v(s) = s**3 + 3*s + 0*s**2 + 6 - 5 + 3*s**q. Give v(-2).
-1
Let d(y) = -529*y + 37. Let p(s) = -127*s + 9. Let l(t) = -6*d(t) + 25*p(t). Give l(-7).
10
Let b(g) = -35 + g**3 + 17*g - 21*g + 11*g - 5*g**2 + 1 + g. Give b(5).
6
Suppose 6*u - 5*u = 3. Let q(m) = 2*m**3 + 5*m**2 + 2*m - 6. Let s = 106 + -103. Let a(g) = 3*g**3 + 5*g**2 + 3*g - 7. Let y(x) = s*a(x) - 4*q(x). Give y(u).
-12
Let z(m) = -2 - 2 - 187*m - 159*m + 7 + 341*m. Calculate z(-9).
48
Let n be (0 + 2)/1 - (-22626)/54. Let f = n + -422. Let i(d) = 16*d + 2. Give i(f).
-14
Let p(q) = -q**3 - 14*q**2 - q - 13. Let h(v) = v**3 + 11*v**2 + 59*v - 9. Let j be h(-7). Let k = j + 212. What is p(k)?
1
Let p(r) = -52*r + 3631. Let v be p(70). Let t(f) = -3*f**2 - 39*f - 18. Let q(g) = -g**2 - 13*g - 6. Let k(l) = -8*q(l) + 3*t(l). What is k(v)?
30
Let d(p) = -7*p - 14. Let r(y) = 4*y + 1. Let q(l) = -d(l) - r(l). What is q(-14)?
-29
Let m(k) = k**2 - 2*k + 1. Let p(q) = -q**2 + 11*q + 2. Suppose -4*g = -4*x, -11*g - 21 = -9*g + 5*x. Let a(v) = g*m(v) - p(v). What is a(-2)?
-3
Let p be (2 -